{"id":30,"date":"2026-02-02T17:17:16","date_gmt":"2026-02-02T17:17:16","guid":{"rendered":"https:\/\/delphine-silloray.fr\/?page_id=30"},"modified":"2026-02-22T18:32:12","modified_gmt":"2026-02-22T18:32:12","slug":"eft-emotional-freedom-technique","status":"publish","type":"page","link":"https:\/\/delphine-silloray.fr\/index.php\/eft-emotional-freedom-technique\/","title":{"rendered":"EFT          (Emotional Freedom Technique)"},"content":{"rendered":"\n<p>L&rsquo;EFT est une technique de lib\u00e9ration \u00e9motionnelle, elle est aussi appel\u00e9e th\u00e9rapie du champ mental.<\/p>\n\n\n\n<p>C&rsquo;est une technique th\u00e9rapeutique psycho-corporelle mise au point par Gary Graig en Californie en 1991. Bas\u00e9e sur la m\u00e9decine chinoise, elle consiste \u00e0 faire des s\u00e9ries de tapotements sur des points situ\u00e9s aux extr\u00e9mit\u00e9s de certains m\u00e9ridiens \u00e9nerg\u00e9tiques. Et ce, tout en posant des mots et en portant son attention sur des situations v\u00e9cues dans le pass\u00e9, des \u00e9motions, des douleurs physiques ou encore des croyances limitantes afin de les lib\u00e9rer ou tout au moins, de diminuer leur impact. On peut ressentir une r\u00e9elle am\u00e9lioration de notre sant\u00e9 physique et \u00e9motionnelle \u00e0 la suite de ces s\u00e9ances.<\/p>\n\n\n\n<p>L&rsquo;EFT peut \u00eatre efficace pour traiter : phobie, stress, col\u00e8re, culpabilit\u00e9, anxi\u00e9t\u00e9, (toutes \u00e9motions), trauma, certaines douleurs physiques, d\u00e9pendance, manque de confiance en soi, Troubles Obsessionnels Compulsifs, insomnie &#8230;<\/p>\n\n\n\n<p>Cette approche est b\u00e9n\u00e9fique pour une majorit\u00e9 de personnes car la personnalit\u00e9 est bas\u00e9e sur trois plans qui sont le mental, l&rsquo;\u00e9motionnel et le corps (incluant corps physique et \u00e9nerg\u00e9tique) et l&rsquo;EFT agit sur l&rsquo;ensemble de ces plans. Que nous ayons une pr\u00e9dominance de sensibilit\u00e9 kin\u00e9sth\u00e9sique ou \u00e9motionnelle ou que le mental analytique et contr\u00f4lant ait pris beaucoup de place, l&rsquo;EFT peut permettre la d\u00e9cristallisation de charges \u00e9motionnelles ou de blocages d\u00fb \u00e0 des croyances.<\/p>\n\n\n\n<p>L&rsquo;avantage de cette technique est \u00e9galement la facilit\u00e9 \u00e0 \u00eatre utilis\u00e9e au-del\u00e0 des s\u00e9ances,  seule (ou avec les enfants ou l&rsquo;entourage), dans le quotidien,  afin d&rsquo;acqu\u00e9rir de l&rsquo;autonomie pour le bien-\u00eatre \u00e9motionnel et physique.<\/p>\n\n\n\n<p><\/p>\n","protected":false},"excerpt":{"rendered":"<p>L&rsquo;EFT est une technique de lib\u00e9ration \u00e9motionnelle, elle est aussi appel\u00e9e th\u00e9rapie du champ mental. C&rsquo;est une technique th\u00e9rapeutique psycho-corporelle mise au point par Gary Graig en Californie en 1991. Bas\u00e9e sur la m\u00e9decine chinoise, elle consiste \u00e0 faire des s\u00e9ries de tapotements sur des points situ\u00e9s aux extr\u00e9mit\u00e9s de certains m\u00e9ridiens \u00e9nerg\u00e9tiques. Et ce, &hellip; <a href=\"https:\/\/delphine-silloray.fr\/index.php\/eft-emotional-freedom-technique\/\" class=\"more-link\">Continuer la lecture de <span class=\"screen-reader-text\">EFT          (Emotional Freedom Technique)<\/span> <span class=\"meta-nav\">&rarr;<\/span><\/a><\/p>\n","protected":false},"author":1,"featured_media":0,"parent":0,"menu_order":0,"comment_status":"closed","ping_status":"closed","template":"","meta":{"footnotes":""},"class_list":["post-30","page","type-page","status-publish","hentry"],"_links":{"self":[{"href":"https:\/\/delphine-silloray.fr\/index.php\/wp-json\/wp\/v2\/pages\/30","targetHints":{"allow":["GET"]}}],"collection":[{"href":"https:\/\/delphine-silloray.fr\/index.php\/wp-json\/wp\/v2\/pages"}],"about":[{"href":"https:\/\/delphine-silloray.fr\/index.php\/wp-json\/wp\/v2\/types\/page"}],"author":[{"embeddable":true,"href":"https:\/\/delphine-silloray.fr\/index.php\/wp-json\/wp\/v2\/users\/1"}],"replies":[{"embeddable":true,"href":"https:\/\/delphine-silloray.fr\/index.php\/wp-json\/wp\/v2\/comments?post=30"}],"version-history":[{"count":7,"href":"https:\/\/delphine-silloray.fr\/index.php\/wp-json\/wp\/v2\/pages\/30\/revisions"}],"predecessor-version":[{"id":195,"href":"https:\/\/delphine-silloray.fr\/index.php\/wp-json\/wp\/v2\/pages\/30\/revisions\/195"}],"wp:attachment":[{"href":"https:\/\/delphine-silloray.fr\/index.php\/wp-json\/wp\/v2\/media?parent=30"}],"curies":[{"name":"wp","href":"https:\/\/api.w.org\/{rel}","templated":true}]}}