{"id":66,"date":"2026-02-16T15:00:32","date_gmt":"2026-02-16T15:00:32","guid":{"rendered":"https:\/\/delphine-silloray.fr\/?page_id=66"},"modified":"2026-02-22T18:36:51","modified_gmt":"2026-02-22T18:36:51","slug":"spirale-dynamique","status":"publish","type":"page","link":"https:\/\/delphine-silloray.fr\/index.php\/spirale-dynamique\/","title":{"rendered":"Spirale dynamique"},"content":{"rendered":"\n<p><\/p>\n\n\n\n<p>          La spirale dynamique est un mod\u00e8le de vision du monde cr\u00e9\u00e9 par Clare Graves en 1980 puis repris et d\u00e9velopp\u00e9 par Don Beck et Chris Cowan.<\/p>\n\n\n\n<p>Il s&rsquo;agit d&rsquo;une spirale compos\u00e9e de 8 strates de couleurs diff\u00e9rentes, correspondant chacune \u00e0 un stade \u00e9volutif et comportemental, collectif ou individuel de l&rsquo;histoire de l&rsquo;humanit\u00e9. Parall\u00e8lement, on peut appliquer cette spirale \u00e0 l&rsquo;\u00e9chelle d&rsquo;une vie humaine, d&rsquo;une entreprise, de la politique, de la sant\u00e9 &#8230;<br> A chaque \u00e9tape de la spirale, des syst\u00e8mes de valeurs sont d\u00e9velopp\u00e9s puis de nouvelles probl\u00e9matiques am\u00e8nent des limites dans cette strate qui va \u00eatre amen\u00e9e \u00e0 transcender vers d&rsquo;autres visions du monde tout en incluant ce qui a \u00e9t\u00e9 v\u00e9cu et int\u00e9gr\u00e9 \u00e0 la strate pr\u00e9c\u00e9dente.<\/p>\n\n\n\n<p>          C&rsquo;est un processus de complexification croissante qui est en perp\u00e9tuel mouvement.<br>A ce jour, toutes les \u00e9tapes de cette spirale v\u00e9cues depuis 100 000 ans dans notre humanit\u00e9 sont pr\u00e9sentes et en mouvement dans notre soci\u00e9t\u00e9, de m\u00eame que toutes les \u00e9tapes travers\u00e9es depuis notre conception sont constamment pr\u00e9sentes \u00e0 l&rsquo;int\u00e9rieur de nous.<\/p>\n\n\n\n<p>          Visiter votre spirale int\u00e9rieure peut vous permettre de comprendre certains de vos comportements, qu&rsquo;ils soient li\u00e9 \u00e0 des peurs ou \u00e0 des probl\u00e9matiques d&rsquo;affirmation, de positionnement ou encore \u00e0 des difficult\u00e9s relationnelles (famille, amis, coll\u00e8gues de travail&#8230;), des d\u00e9pendances, des rapports compliqu\u00e9s avec les lois, les r\u00e8gles &#8230;<br>Mettre en conscience des sch\u00e9mas de vie qui se r\u00e9p\u00e8tent encore et encore. Toujours dans le but d&rsquo;accueillir ce qui a \u00e9t\u00e9 v\u00e9cu avec bienveillance, de s&rsquo;en occuper afin d&rsquo;\u00eatre plus en paix avec soi m\u00eame et pouvoir avancer plus sereinement vers l&rsquo;avenir.<\/p>\n\n\n\n<p><\/p>\n","protected":false},"excerpt":{"rendered":"<p>La spirale dynamique est un mod\u00e8le de vision du monde cr\u00e9\u00e9 par Clare Graves en 1980 puis repris et d\u00e9velopp\u00e9 par Don Beck et Chris Cowan. Il s&rsquo;agit d&rsquo;une spirale compos\u00e9e de 8 strates de couleurs diff\u00e9rentes, correspondant chacune \u00e0 un stade \u00e9volutif et comportemental, collectif ou individuel de l&rsquo;histoire de l&rsquo;humanit\u00e9. Parall\u00e8lement, on peut &hellip; <a href=\"https:\/\/delphine-silloray.fr\/index.php\/spirale-dynamique\/\" class=\"more-link\">Continuer la lecture de <span class=\"screen-reader-text\">Spirale dynamique<\/span> <span class=\"meta-nav\">&rarr;<\/span><\/a><\/p>\n","protected":false},"author":1,"featured_media":0,"parent":0,"menu_order":0,"comment_status":"closed","ping_status":"closed","template":"","meta":{"footnotes":""},"class_list":["post-66","page","type-page","status-publish","hentry"],"_links":{"self":[{"href":"https:\/\/delphine-silloray.fr\/index.php\/wp-json\/wp\/v2\/pages\/66","targetHints":{"allow":["GET"]}}],"collection":[{"href":"https:\/\/delphine-silloray.fr\/index.php\/wp-json\/wp\/v2\/pages"}],"about":[{"href":"https:\/\/delphine-silloray.fr\/index.php\/wp-json\/wp\/v2\/types\/page"}],"author":[{"embeddable":true,"href":"https:\/\/delphine-silloray.fr\/index.php\/wp-json\/wp\/v2\/users\/1"}],"replies":[{"embeddable":true,"href":"https:\/\/delphine-silloray.fr\/index.php\/wp-json\/wp\/v2\/comments?post=66"}],"version-history":[{"count":4,"href":"https:\/\/delphine-silloray.fr\/index.php\/wp-json\/wp\/v2\/pages\/66\/revisions"}],"predecessor-version":[{"id":200,"href":"https:\/\/delphine-silloray.fr\/index.php\/wp-json\/wp\/v2\/pages\/66\/revisions\/200"}],"wp:attachment":[{"href":"https:\/\/delphine-silloray.fr\/index.php\/wp-json\/wp\/v2\/media?parent=66"}],"curies":[{"name":"wp","href":"https:\/\/api.w.org\/{rel}","templated":true}]}}